NOAA-Style Climate Reports

Select a Year or Month report
2024: Jan Feb Mar Apr May Jun Jul Aug Sep Oct Nov Dec
2023: Jan Feb Mar Apr May Jun Jul Aug Sep Oct Nov Dec

Report for 2024 May

Daily NOAA report



                            MONTHLY CLIMATOLOGICAL SUMMARY for MAY. 2024

NAME:    CITY:  STATE: 
ELEV:  LAT:  LONG: 

                            TEMPERATURE ( °F), RAIN (in.), WIND SPEED (mph)

                                               HEAT     COOL           AVG
      MEAN                                     DEG      DEG            WIND                       DOM
DAY   TEMP    HIGH   TIME     LOW    TIME      DAYS     DAYS    RAIN   SPEED    HIGH    TIME      DIR
--------------------------------------------------------------------------------------------------------
01    72.5   075.5   18:52    70.3   03:04     00.0     07.5   00.11   08.7     26.4    19:33      SE
02    72.3   075.3   18:55    67.9   10:58     00.0     07.4   00.04   06.8     26.4    14:34     ESE
03    71.7   074.5   14:08    70.1   18:48     00.0     06.8   00.12   07.5     29.9    18:12     ESE
04    72.6   078.5   14:29    69.5   03:44     00.0     07.7   00.03   07.4     23.0    03:25      SE
05    71.1   079.4   14:39    63.3   07:06     00.0     06.2   00.21   07.7     54.0    02:40     ESE
06    77.0   085.0   16:27    72.7   00:44     00.0     12.0   00.00   08.6     29.9    16:04      SE
07    78.6   086.8   15:55    72.3   07:11     00.0     13.7   00.00   05.2     20.7    22:04      SE
08    79.2   088.3   15:27    74.3   07:09     00.0     14.3   00.00   05.9     23.0    01:01      SE
09    80.4   090.6   16:25    70.3   23:09     00.0     15.4   00.12   06.2     26.4    21:46     ESE
10    73.8   082.8   14:56    67.3   07:54     00.0     08.9   00.00   07.0     27.6    13:13     NNE
11    70.3   079.6   12:32    65.9   06:30     00.0     05.4   00.03   06.0     24.1    16:28      E 
12    69.4   077.9   15:55    66.0   04:52     00.0     04.5   00.00   05.2     18.4    19:00      E 
13    70.3   079.5   18:26    66.5   03:36     00.0     05.4   00.14   04.3     25.3    17:32     NNW
14    76.0   090.7   17:26    62.5   07:17     00.0     11.1   00.00   05.1     19.6    13:34      N 
15    76.9   090.2   14:14    67.9   02:38     00.0     12.0   00.00   06.7     29.9    13:28      SE
16    70.6   079.8   13:17    63.9   00:00     00.0     05.6   00.47   07.6     56.4    15:43     ESE
17    70.9   085.0   17:49    60.6   05:21     00.0     05.9   00.01   05.2     28.8    00:52     NNW
18    79.9   093.8   16:09    67.0   07:10     00.0     14.9   00.00   05.2     20.7    13:29     ESE
19    79.9   090.7   16:09    70.8   07:06     00.0     15.0   00.00   06.2     25.3    13:38     ESE
20    80.3   091.7   17:47    67.0   05:17     00.0     15.3   00.00   06.4     24.1    23:30     ESE
21    82.7   093.8   15:44    74.9   04:36     00.0     17.8   00.00   07.4     28.8    22:19     ESE
22    82.7   091.8   15:56    76.4   07:22     00.0     17.8   00.00   08.1     33.4    22:42     ESE
23    81.9   090.5   16:54    76.0   05:33     00.0     17.0   00.00   09.7     32.2    22:37      SE
--------------------------------------------------------------------------------------------------------
75.7 (76.8)   93.8  day 21     60.6  day 17   000.0    247.5   01.28   06.7     56.4   day 16     ESE
Max >  86: 11
Min <  86: 23
Max Rain: 0.47 ON 16-05-24
Days of Rain: 10 (> .008in) 6 (> .08in) 0 (> 0.8in)